s 69313 composite?
False
Is 110729 prime?
True
Is 508083 a composite number?
True
Is 270967 a composite number?
False
Is 2231477 a composite number?
False
Is 119929 a prime number?
True
Is 523169 a composite number?
False
Is 9073 prime?
False
Is 1182101 prime?
False
Is 24713 a composite number?
True
Is 67831 a composite number?
True
Is 11269 composite?
True
Is 15451 a composite number?
False
Is 12047 prime?
False
Is 2168038 prime?
False
Is 72183 a composite number?
True
Is 740721 a prime number?
False
Is 3779 a composite number?
False
Is 943 a composite number?
True
Is 39761 composite?
False
Is 100853 a prime number?
True
Is 2200799 prime?
True
Is 137777 a prime number?
True
Is 53773 a composite number?
False
Is 38219 prime?
True
Is 26147 a prime number?
False
Is 30346 composite?
True
Is 30631 a composite number?
False
Is 38167 a composite number?
False
Is 62273 a composite number?
False
Is 4684345 a composite number?
True
Is 82177 a prime number?
False
Is 337691 a composite number?
False
Is 693061 a prime number?
True
Is 2403307 prime?
False
Is 394543 prime?
False
Is 113433 prime?
False
Is 2257567 a prime number?
False
Is 339739 prime?
False
Is 43177 a prime number?
True
Is 1271737 a composite number?
True
Is 10133 prime?
True
Is 413558 composite?
True
Is 124577 a prime number?
True
Is 18827 a prime number?
False
Is 191 composite?
False
Is 1520713 a composite number?
True
Is 17881 composite?
False
Is 18947 prime?
True
Is 48199 a prime number?
False
Is 18393 a composite number?
True
Is 126839 a prime number?
True
Is 2953 prime?
True
Is 746485 prime?
False
Is 340889 a prime number?
True
Is 104581 composite?
True
Is 298569 a composite number?
True
Is 66547 composite?
True
Is 20837 prime?
False
Is 1361 a prime number?
True
Is 9253 a prime number?
False
Is 267373 composite?
False
Is 9691 a composite number?
True
Is 201649 composite?
True
Is 652969 a composite number?
False
Is 21959 prime?
False
Is 2508379 a composite number?
False
Is 335 a composite number?
True
Is 1899929 a composite number?
False
Is 991 a prime number?
True
Is 2798 prime?
False
Is 2309 composite?
False
Is 18635 a composite number?
True
Is 58873 composite?
True
Is 7283 composite?
False
Is 3137 composite?
False
Is 4327 a prime number?
True
Is 43531 a composite number?
True
Is 1109063 prime?
False
Is 2101 prime?
False
Is 89867 prime?
True
Is 171967 prime?
False
Is 26521 prime?
False
Is 62945 composite?
True
Is 6887 composite?
True
Is 148331 a composite number?
False
Is 7349 composite?
False
Is 43487 a composite number?
False
Is 281821 prime?
False
Is 34791 a prime number?
False
Is 21779 a composite number?
True
Is 445 a composite number?
True
Is 21557 a prime number?
True
Is 55399 a prime number?
True
Is 20507 composite?
False
Is 89293 prime?
True
Is 41581 a prime number?
False
Is 278555 a prime number?
False
Is 210281 a prime number?
False
Is 14429 a prime number?
False
Is 18899 composite?
False
Is 13211 a composite number?
True
Is 232787 a prime number?
False
Is 112973 a composite number?
True
Is 526187 a prime number?
False
Is 479 prime?
True
Is 23314 composite?
True
Is 81365 a prime number?
False
Is 39089 prime?
True
Is 127802 prime?
False
Is 30815 a prime number?
False
Is 5737 prime?
True
Is 50501 composite?
True
Is 156061 prime?
True
Is 113054 a composite number?
True
Is 3791 composite?
True
Is 291419 a prime number?
True
Is 21759 a composite number?
True
Is 6305257 composite?
True
Is 43843 a prime number?
False
Is 119797 a prime number?
True
Is 631 composite?
False
Is 13523 composite?
False
Is 54523 prime?
False
Is 446591 a prime number?
False
Is 2427203 a prime number?
False
Is 133381 prime?
False
Is 1823 a composite number?
False
Is 88581 composite?
True
Is 57991 a composite number?
False
Is 654119 composite?
True
Is 56779 a composite number?
False
Is 1651 a prime number?
False
Is 20993 a composite number?
True
Is 41357 prime?
True
Is 1270033 prime?
True
Is 1216903 prime?
True
Is 7861 composite?
True
Is 585085 a composite number?
True
Is 2244139 a prime number?
True
Is 77911 a composite number?
True
Is 29243 prime?
True
Is 54193 a prime number?
True
Is 1172114 composite?
True
Is 81274 prime?
False
Is 159949 composite?
True
Is 33133 a prime number?
False
Is 7369 prime?
True
Is 256831 prime?
True
Is 5623 a composite number?
False
Is 1488901 a prime number?
True
Is 376351 a composite number?
False
Is 1565 composite?
True
Is 173993 prime?
True
Is 85411 a composite number?
False
Is 151159 composite?
True
Is 46331 composite?
True
Is 512133 composite?
True
Is 44177 a composite number?
True
Is 36493 a composite number?
False
Is 87437 a composite number?
True
Is 17363 a prime number?
False
Is 160831 a prime number?
False
Is 565013 composite?
False
Is 6617 a composite number?
True
Is 40081 composite?
True
Is 13355 composite?
True
Is 514601 a prime number?
False
Is 116338 a prime number?
False
Is 42433 a composite number?
False
Is 18811 a prime number?
False
Is 34949 a composite number?
False
Is 605779 prime?
True
Is 121777 composite?
True
Is 88147 a composite number?
True
Is 7297 a composite number?
False
Is 253201 a composite number?
True
Is 585267 composite?
True
Is 747601 composite?
True
Is 1693 a prime number?
True
Is 70129 composite?
True
Is 4839 a composite number?
True
Is 121039 a composite number?
False
Is 195677 composite?
False
Is 32843 a composite number?
False
Is 1397 prime?
False
Is 12605 a prime number?
False
Is 14359 composite?
True
Is 12721 a prime number?
True
Is 126393 composite?
True
Is 411 prime?
False
Is 1487899 a prime number?
False
Is 181813 composite?
False
Is 1793 a prime number?
False
Is 16669 a prime number?
False
Is 86641 prime?
False
Is 10903 prime?
True
Is 55021 a prime number?
True
Is 487659 prime?
False
Is 1007939 a prime number?
True
Is 3152719 a prime number?
True
Is 86897 a prime number?
False
Is 36193 a prime number?
False
Is 1050607 a composite number?
True
Is 191527 composite?
True
Is 115201 a composite number?
False
Is 60483 a prime number?
False
Is 165653 composite?
False
Is 1796133 prime?
False
Is 21377 composite?
False
Is 32493 a prime number?
False
Is 79819 a prime number?
False
Is 5261 composite?
False
Is 16127 composite?
False
Is 2893 prime?
False
Is 302 composite?
True
Is 34541 a composite number?
True
Is 57367 a prime number?
True
Is 42169 a composite number?
False
Is 153407 prime?
True
Is 7039 a composite number?
False
Is 539173 a prime number?
False
Is 495283 a composite number?
True
Is 1907 composite?
False
Is 34583 a prime number?
True
Is 7297 prime?
True
Is 4105 a composite number?
True
Is 6593 a prime number?
False
Is 27527 composite?
False
Is 16255 composite?
True
Is 70341 composite?
True
Is 181705 a composite number?
True
Is 917781 composite?
True
Is 611989 composite?
True
Is 63697 prime?
True
Is 1262 prime?
False
Is 6623 prime?
False
Is 18191 a prime number?
True
Is 1191899 composite?
False
Is 8005 a composite number?
True
Is 69191 a prime number?
True
Is 159785 prime?
False
Is 8977 a composite number?
True
Is 9289 a composite number?
True
Is 35081 a prime number?
True
Is 2833 a prime number?
True
Is 2416298 a prime number?
False
Is 13009 prime?
True
Is 50819 a prime number?
False
Is 48577 a prime number?
False
Is 1705331 a prime number?
True
Is 56213 a prime number?
False
Is 63241 a composite number?
False
Is 188359 a prime number?
True
Is 8321 prime?
False
Is 107533 a composite number?
True
Is 25567 a composite number?
True
Is 30619 a prime number?
False
Is 83773 a prime number?
True
Is 7037 a prime number?
False
Is 1831897 a prime number?
False
Is 414151 composite?
True
Is 26801 a composite number?
False
Is 364847 prime?
False
Is 1513817 prime?
False
Is 373003 a composite number?
False
Is 30881 a prime number?
True
Is 575987 a prime number?
True
Is 2237 a composite number?
False
Is 149593 a composite number?
True
Is 39269 prime?
False
Is 163771 a composite number?
False
Is 24809 prime?
True
Is 464083 a prime number?
False
Is 852011 prime?
True
Is 829709 prime?
True
Is 3226967 composite?
False
Is 5815 prime?
False
Is 236743 a prime number?
False
Is 63043 composite?
True
Is 7499 a composite number?
False
Is 103483 composite?
False
Is 526477 prime?
False
Is 157747 a composite number?
False
Is 33197 composite?
True
Is 28061